In base 5, what is 4400222 - 1134?
4344033
In base 14, what is 924 - 17a97?
-17173
In base 5, what is -22 + 10030243?
10030221
In base 2, what is 10000 - -101011011000111011?
101011011001001011
In base 12, what is 6551 + 5a?
65ab
In base 7, what is 5 - -23324214?
23324222
In base 9, what is 4320 - -3554?
7874
In base 10, what is 600599 - -55?
600654
In base 13, what is -1 - 11b0598c?
-11b05990
In base 13, what is 6657 - -123?
677a
In base 15, what is -865861 + 52?
-86580e
In base 13, what is -1 - -30b981?
30b980
In base 9, what is -5 + -4271641?
-4271646
In base 11, what is 18 - 225479?
-225461
In base 14, what is 1 + 1bb317?
1bb318
In base 13, what is -403 - -9a79?
9676
In base 15, what is 41b88b + -3?
41b888
In base 12, what is -57 + -7561b?
-75676
In base 8, what is -137715 - -225?
-137470
In base 12, what is 1a179b0b - 4?
1a179b07
In base 14, what is -5 - -883002?
882ddb
In base 3, what is -12011110002220100 - -22?
-12011110002220001
In base 11, what is 798 + 19853?
1a540
In base 2, what is 100010101000100110101010 + 1?
100010101000100110101011
In base 7, what is -13361131 - 0?
-13361131
In base 12, what is 2616a + -32b7?
22a73
In base 15, what is -472030 - 2?
-472032
In base 14, what is -1808 + 7a8d?
6285
In base 2, what is -100000 + -11010100000100?
-11010100100100
In base 11, what is -143 + -117784?
-117917
In base 11, what is -4 + -5673221?
-5673225
In base 15, what is 5b + 44871?
448cc
In base 7, what is -1 + -1211113644?
-1211113645
In base 10, what is -31587 - -148?
-31439
In base 3, what is 120002222120001110 + -1?
120002222120001102
In base 2, what is -110010010101111010000 + 11010?
-110010010101110110110
In base 4, what is 100201302021031 + 10?
100201302021101
In base 4, what is 323 + 332101002?
332101331
In base 15, what is -87d229 + -a?
-87d234
In base 13, what is 2340 - 10a7?
1266
In base 5, what is 232311 + 3331201?
4114012
In base 10, what is 6 + 1308693?
1308699
In base 15, what is -4 + 671d9e?
671d9a
In base 5, what is -1310042 - -31424?
-1223113
In base 15, what is 2e3 - -e?
302
In base 13, what is -15677a9 + -5?
-15677b1
In base 11, what is 18635 + 196?
18820
In base 15, what is -1 + b8aac90?
b8aac8e
In base 2, what is 10001101110 + 111100100010100110?
111100110100010100
In base 8, what is 1312244 - -10?
1312254
In base 16, what is 16b8 + 11f2?
28aa
In base 16, what is b + 2c7422?
2c742d
In base 10, what is -5 + 4624477?
4624472
In base 9, what is -10 + 34411171?
34411161
In base 15, what is 121b31 + d?
121b3e
In base 3, what is 100001011 + 100101121?
200102202
In base 3, what is -1010 + 2100110001222?
2100110000212
In base 2, what is -1001 - -10011000001100100000?
10011000001100010111
In base 2, what is 110100011000101101011010 + 11?
110100011000101101011101
In base 5, what is 330112124 - 14?
330112110
In base 9, what is -727766 + 411?
-727355
In base 2, what is 11100 - 10110001111011100001?
-10110001111011000101
In base 7, what is 113111643 - 1?
113111642
In base 7, what is 1 + -5510105413?
-5510105412
In base 16, what is a1f08 - 7?
a1f01
In base 4, what is -3110 + -1113012232?
-1113022002
In base 2, what is 101110110011000001 + 101110?
101110110011101111
In base 5, what is 301 + 1434132224?
1434133030
In base 9, what is -1 + 12632885?
12632884
In base 9, what is -134451025 - -12?
-134451013
In base 13, what is -5446 - -122?
-5324
In base 13, what is 4647 + -bb2?
3765
In base 8, what is -4533644 - -106?
-4533536
In base 6, what is 420151 + 11445?
432040
In base 2, what is -1101110110000101000110000 - 10011?
-1101110110000101001000011
In base 12, what is -37038 - -3b3?
-36845
In base 15, what is -256ee67 + -5?
-256ee6c
In base 5, what is 44331 + -4001?
40330
In base 11, what is -3292 + 16134?
12952
In base 7, what is 1 + -603563151?
-603563150
In base 9, what is 24 + 1861738?
1861763
In base 3, what is -102021001 - -122101?
-101121200
In base 15, what is -6b579b - 5?
-6b57a1
In base 10, what is 147607 + -3?
147604
In base 3, what is 20212012 - 1012010?
12200002
In base 15, what is -37 + -71857c?
-7185b4
In base 8, what is -6413355 - -4?
-6413351
In base 2, what is -10101000010010011000011 - 100?
-10101000010010011000111
In base 12, what is 176 - -31495?
3164b
In base 10, what is 78561240 - 5?
78561235
In base 10, what is 77987 + 1617?
79604
In base 7, what is -452063 + -1331?
-453424
In base 3, what is 22220021 - -10010021202?
10110012000
In base 2, what is 101110 + -11000011001100110011110?
-11000011001100101110000
In base 3, what is -12 + 201221001010222?
201221001010210
In base 14, what is ab2 + -9383?
-86b1
In base 9, what is -8 - -10106740?
10106731
In base 2, what is 11110111011111101000 - -11?
11110111011111101011
In base 7, what is -1265232 - -4164?
-1261035
In base 3, what is 1 - 12200201012022?
-12200201012021
In base 2, what is 10110100000010001011011 + 100?
10110100000010001011111
In base 15, what is 155bd980 + -5?
155bd97a
In base 5, what is 31031243 + 12131?
31043424
In base 14, what is 1b2551 + -12?
1b253d
In base 4, what is -1012 + -32123103211?
-32123110223
In base 2, what is -101 - 110100000010110011111011?
-110100000010110100000000
In base 6, what is -321 - 210154340?
-210155101
In base 14, what is 16183 - 1976?
1460b
In base 10, what is -9925375 - 8?
-9925383
In base 5, what is 34130023 - 300?
34124223
In base 2, what is -111011110110 - -1110000010010111?
1101000110100001
In base 6, what is -110 - 5250543?
-5251053
In base 15, what is 91107 - -19?
91121
In base 12, what is 4 - 645a7b26?
-645a7b22
In base 11, what is -2 + -64720010?
-64720012
In base 16, what is c36 - 336b8?
-32a82
In base 11, what is -11 - -1a60aa2?
1a60a91
In base 2, what is -1010100010010011001111 + 1011?
-1010100010010011000100
In base 5, what is 13110102204 - 2?
13110102202
In base 14, what is 83739 + -22?
83717
In base 10, what is -65 + 692035?
691970
In base 5, what is 0 - 22111313304?
-22111313304
In base 7, what is -5052 - -10144?
2062
In base 2, what is 111 - -10001000000111010001000?
10001000000111010001111
In base 2, what is -11 - -100011110111101101110010?
100011110111101101101111
In base 15, what is 9c15 + 68?
9c7d
In base 6, what is 5 + 225015150?
225015155
In base 8, what is 0 + 662670000?
662670000
In base 6, what is -10 - -3003120352?
3003120342
In base 4, what is -3332103102 + -31?
-3332103133
In base 16, what is -56df5fd - -2?
-56df5fb
In base 13, what is -592 + -6c83?
-7545
In base 11, what is 3a + -1455a3?
-145564
In base 12, what is 83397b36 - -2?
83397b38
In base 8, what is -53 - 240031?
-240104
In base 6, what is 1511344 + 415?
1512203
In base 3, what is -101221022200110 + 22?
-101221022200011
In base 8, what is -423741165 - -7?
-423741156
In base 5, what is 22303041124 - -1?
22303041130
In base 2, what is 10000000011111010 - -11011001001?
10000011111000011
In base 5, what is -2313220 + -110420?
-2424140
In base 11, what is -1625 + -6a15?
-853a
In base 12, what is -2 + 114293b?
1142939
In base 4, what is 110311 + 333?
111310
In base 4, what is 2022001 + 111012?
2133013
In base 9, what is -620 - -403728?
403108
In base 7, what is -106 - -251465?
251356
In base 11, what is -9127 - 18104?
-26230
In base 9, what is -2 + 550537203?
550537201
In base 3, what is -101 + 1012222122112211?
1012222122112110
In base 15, what is 2 + 22b638b?
22b638d
In base 8, what is -5 - 661661762?
-661661767
In base 13, what is -51460 - b?
-5146b
In base 5, what is 3 + 121102022440?
121102022443
In base 4, what is -320100222 - 130033?
-320230321
In base 8, what is 3 + 357312572?
357312575
In base 2, what is 111000011111110111001011000 + 1?
111000011111110111001011001
In base 2, what is 1100001 + -100010011100001?
-100010010000000
In base 5, what is -12210 - -2112404?
2100144
In base 8, what is 11 - 45321514?
-45321503
In base 9, what is 21522587 + -1?
21522586
In base 2, what is 11101100010000 - -10110000000?
100000010010000
In base 10, what is 169 - -2567978?
2568147
In base 6, what is 520323 - -15540?
540303
In base 9, what is -573 - -10856?
10273
In base 6, what is -3231 + -401115?
-404350
In base 15, what is 3099 + -962?
2637
In base 7, what is 2 - -160341246?
160341251
In base 5, what is 124 - 242433221?
-242433042
In base 11, what is -21 + -3a51558?
-3a51579
In base 12, what is 643 + -609?
36
In base 3, what is -12120 + 12002